 What is the greatest common factor of 16 and r?
8
Suppose -3*u - 38 = -5*u. Let l be (-544)/(-6) + u/57. Let j = l - -13. What is the greatest common divisor of j and 13?
13
Suppose 43 = 2*u - 7. Suppose -3*v + 2*x = -u, -7*v + 46 = -2*v + x. Suppose 155 = 11*a - 43. What is the greatest common divisor of v and a?
9
Let i = -257216 + 257344. Let c be (6/(-5))/(3/(-40)). Calculate the highest common factor of i and c.
16
Suppose -t = -48 - 22. Let z(d) = 23*d + 23. Let l be z(-1). Suppose v - 48 = -2*u, l*v + v - 3*u = 68. What is the highest common divisor of v and t?
14
Let s be (-7 + 4)/(1 - 2). Let p(g) = g**2 + 13*g + 15. Let u be p(-12). Let q = u - -3. Calculate the highest common factor of q and s.
3
Let t be (288/90)/8*100. Let k be 2156/18 - 2/(-9). Calculate the highest common factor of t and k.
40
Suppose -7*m - 5*v + 11860 = 0, -100*m = -97*m + 4*v - 5068. What is the highest common factor of m and 204?
68
Suppose -d + 4*s + 132 = 0, 3*d - 3*s - 153 - 270 = 0. Suppose -945 = 178*l - 283*l. Calculate the highest common divisor of d and l.
9
Suppose 6*s - 13 = 17. Suppose s*w - 818 = -2*t, -4 = 2*t - 3*t. What is the highest common divisor of 6 and w?
6
Suppose 43 + 865 = -2*z. Let g = 654 + z. Let k = 9 + 16. Calculate the greatest common divisor of g and k.
25
Let u = -41 - -65. Suppose 0 = -4*b - 2*d + 482 + 6, 188 = b + 17*d. Calculate the highest common factor of u and b.
24
Let p = -34 - -67. Let g be (-3)/(-21)*(-81 - -102). Calculate the highest common factor of g and p.
3
Let i = 2793 - 2780. What is the highest common factor of i and 21801?
13
Suppose 9*z - 516 = 357. Suppose 100*p = -s + z*p + 56, -s = -3*p - 44. What is the highest common divisor of s and 70?
10
Let s be (6/(-7))/(33/(-2002)). Suppose s = d + 22. Calculate the greatest common divisor of d and 75.
15
Let c be 12/(-20) + 954/15. Let d be (c/5 + -9)*(-25)/(-2). Calculate the highest common factor of d and 360.
45
Let o = -723 - -967. Let m = o - 238. What is the greatest common divisor of 45 and m?
3
Suppose 4*u = -9*u - 4784. Let j be u/(-64) + 7/(-4) + 1. What is the greatest common divisor of 5 and j?
5
Suppose -p = -7 + 3. Suppose -6*o - 4 = -p*o. Let f be (264/(-11))/(4/o). Calculate the greatest common factor of 60 and f.
12
Let x be 570/(-50) + 12 - (-534)/10. Calculate the highest common divisor of 6939 and x.
27
Let p be 4 + (-5 - (-8)/2)*-75. Let d = -37 + p. What is the highest common divisor of 63 and d?
21
Suppose 95275 = 8*w + 93643. Calculate the greatest common divisor of 186 and w.
6
Suppose 161*c + 1738 = 3454 + 4080. Suppose 6*t = t + 495. Calculate the highest common divisor of t and c.
9
Let p = -13930 + 17749. What is the greatest common factor of p and 171?
57
Let u = -373 - -1561. Suppose 8*g - 1940 = u. Calculate the greatest common factor of g and 23.
23
Let s(z) = -z**2 + 22*z - 65. Let k be s(10). Let i = -1 - -1. Suppose v + 4*a + 10 - 3 = i, 5*v - a - 28 = 0. Calculate the highest common divisor of v and k.
5
Let i = -4 + -3. Let s be (-18)/21*i*1. Suppose 3*q - l + 5*l = 114, 36 = q + 2*l. Calculate the highest common divisor of s and q.
6
Let q(p) = p**3 + 67*p**2 - 475*p - 543. Let g be q(-73). What is the highest common divisor of 338 and g?
26
Let q = -3582 + 3744. What is the highest common factor of q and 30?
6
Let p(g) = 4*g - 25. Let o be p(7). Let s(y) = -1 + 85*y**3 + 10*y**o - y**2 - 11*y + 14*y. Let v be s(1). What is the greatest common factor of 64 and v?
32
Suppose 11*t - 46471 = -43325. Calculate the greatest common divisor of 33 and t.
11
Let l be 6 - -33 - 17/((-17)/6). Calculate the highest common factor of 123 and l.
3
Let q = 105 + -35. Let n(l) = -l**2 - 14*l - 40. Let c be n(-9). Suppose -4*v = c*v - 90. What is the greatest common factor of v and q?
10
Let z be (-2688)/(-54) + 10/45. Suppose z*q + 160 = 55*q. Let y be 135/3 + 3/1. Calculate the greatest common divisor of y and q.
16
Suppose -2*x + 303 = 63. Let k = -1 - 2. Let o(j) = -7*j + 9. Let m be o(k). Calculate the greatest common factor of x and m.
30
Let n = -659 - -939. Suppose -n = -4*s - 2*l, 2*s - 128 = -2*l + 7*l. Let b = s + -67. What is the greatest common factor of 22 and b?
2
Suppose 3*d - 445 = -2*a, -6*a - d - 433 = -8*a. Suppose a - 43 = 5*o. Suppose -7*b = -3*b - 420. What is the highest common factor of b and o?
35
Suppose 2*s = 10, 0 = 2*f - 3*s - 1978 - 75. What is the highest common divisor of 154 and f?
22
Let p(g) = 11*g**3 + 9*g**2 - 42*g + 8. Let m be p(3). What is the greatest common divisor of m and 416?
52
Suppose 0 = -4*o + 2*n + 892, 0 = -7*o + 3*o - 4*n + 904. Let k = 1737 + -1681. Calculate the greatest common divisor of o and k.
56
Suppose -21*y + 209 = -127. Suppose y*z + 160 = 24*z. Calculate the highest common divisor of 8 and z.
4
Suppose y - 3 = -w, -4*y - 3 = -3*w - y. Suppose -3*u = -w*u - v - 13, 2*v = 6. Calculate the highest common divisor of 56 and u.
8
Let l = 18511 - 12661. What is the highest common divisor of 39 and l?
39
Let p = 13138 + -1190. Calculate the highest common divisor of 116 and p.
116
Let x be 1035/10*10108/114. What is the highest common divisor of x and 171?
57
Suppose -5*c + s - 152 - 377 = 0, -3*c - 314 = -4*s. Let y = 196 + c. Let z be 470/25 - 12/15. What is the highest common factor of y and z?
18
Let r = -7283 + 7340. Suppose -u + 3*q + 77 = -50, 3*q = -5*u + 671. Calculate the highest common factor of r and u.
19
Let o be (-2)/7 + 984/14. Suppose 2184 = 19*g + 20*g. What is the greatest common factor of o and g?
14
Suppose 4*z - x = z + 128, -232 = -5*z - 3*x. Suppose -2*b + 7*b = 40. Calculate the greatest common divisor of z and b.
4
Suppose -2*b + f = -8, 0 = 2*b + 14*f - 16*f - 10. Suppose h + 3*x - 19 = 0, h - 18 = b*x + 31. Calculate the highest common divisor of h and 8.
2
Let l(f) = 6*f - 39. Let q be l(7). Suppose 2*o = q*g + 22, 36 = 2*o - 0*o + 4*g. Suppose -6*n - n = -o. What is the greatest common divisor of n and 22?
2
Let x be (3 - 4) + (14 - (-4 + -1)). Suppose x*c - 15*c = 21. Let a(n) = -n**2 - 5*n + 7. Let w be a(-5). What is the highest common factor of w and c?
7
Suppose -23*w - 2856 = -23*w - 34*w. Suppose 2*d + 0*k = -k + 248, d - 130 = k. What is the highest common divisor of d and w?
42
Let t = 788 - 698. Calculate the greatest common factor of 1962 and t.
18
Let z = 5862 - 5817. Let d(r) = -2*r**3 + r**2 - 3*r + 3. Let n be d(-3). Calculate the greatest common factor of z and n.
15
Suppose -f + 34 = 2*o, -5*f + o + 2*o + 144 = 0. Suppose f = 3*y + 6. Calculate the highest common divisor of y and 10.
2
Let p(n) = -149*n - 1112. Let o be p(-8). What is the highest common factor of 328 and o?
8
Suppose 102 = -3*i + 8*i + 4*o, i - 3*o = 28. Let u be ((-8)/(-3))/((-82)/(-1353)). Calculate the highest common factor of i and u.
22
Let f(w) = -w**3 + 16*w**2 + 19*w - 19. Suppose 3*s = -125 + 2. Let d = s + 58. Let a be f(d). Calculate the greatest common factor of 165 and a.
15
Let j(w) = -3*w**3 - 22*w**2 - 31*w - 16. Let s be j(-6). Calculate the greatest common divisor of 3926 and s.
26
Let j(k) = k**2 - 17*k - 99. Let w be j(21). Let a be 2 + (-1)/(10/w)*6. What is the highest common factor of a and 253?
11
Suppose 6*h + 95*r - 81 = 92*r, 5*r - 25 = 0. Let q = 2 - 5. Let l = q + 14. What is the greatest common factor of h and l?
11
Let t be 1/(-2) + 678/12. Let q = t - 61. Let j(s) = 5*s**2 + 5*s + 10. Let a be j(q). Calculate the highest common divisor of a and 10.
10
Suppose 446*i - 1807848 = 24*i. What is the highest common divisor of i and 252?
252
Let z be (-6)/(-8) + 4*5370/160. Calculate the highest common factor of z and 795.
15
Let a(b) = -88*b**2 + 42 + 12*b - 13 + 179*b**2 + b**3 - 106*b**2. Let d be a(14). Calculate the highest common factor of 1 and d.
1
Let t = -93 - -89. Let y(f) = 24*f + 115. Let z be y(t). Calculate the highest common divisor of 361 and z.
19
Let u be (1 + 1)*((-26)/(-4) - 1). Suppose 0 = l + 2*l - 5*y + 3, 5*l + 3*y = 29. Let v = u - l. Calculate the greatest common factor of 14 and v.
7
Suppose -6*p + 652 = -5*p. Let x = p - 256. Suppose 15*y = 12*y + x. Calculate the greatest common factor of y and 12.
12
Suppose 0 = -q - d + 106, 5*q - 4 - 518 = -d. Suppose -58*f + 60*f - q = 0. What is the greatest common divisor 